 v be 9/12*8/3. Suppose 1824 = v*u - 92. Is (u/(-3))/(18/(-27)) composite?
False
Let o(x) = -6*x**2 + 33*x - 21. Let y(f) = 2*f**2 - 11*f + 7. Let i(c) = -4*o(c) - 11*y(c). Is i(-14) prime?
False
Suppose 0 = -34*t + 5*t + 184121. Is t prime?
False
Let s(t) = 9 + 3*t - 2*t - 9*t + 18. Is s(-5) a composite number?
False
Let y(q) be the first derivative of -q**4/4 + 5*q**3/3 + q**2/2 + 2*q + 10. Let f be y(5). Is 219 - (-16)/(f - 3) composite?
False
Let w be (-2*2)/2 - -4. Let x = 43 - -41. Suppose -3*v = w*r - 373, -5*r + x + 868 = v. Is r a prime number?
True
Let b = 134 - 289. Let t = -28 - b. Let h = 22 + t. Is h a prime number?
True
Is ((-116055)/45)/((-1)/5) a composite number?
True
Let q = 308 + -163. Let m = q - 92. Is m a composite number?
False
Let w(m) = 14*m**3 + 5*m**2 + 2*m + 6. Let g(n) = 2*n**3 + 4*n**2 + n - 2. Let d be g(-2). Let p be w(d). Is (2/4)/((-1)/p) composite?
False
Suppose 2*o = 5898 - 406. Suppose -3*l + l + o = 0. Is l composite?
False
Let q = -468 - 479. Let z = 424 - q. Is z a prime number?
False
Let s = 18 - 14. Let z be ((-51)/3 - s)*-35. Let r = z + -404. Is r prime?
True
Suppose -2501 - 168 = -17*v. Is v a prime number?
True
Let i(n) = 77*n**3 - 6*n**2 - 2*n + 2. Is i(3) a composite number?
True
Let r(t) = -2*t - 21. Suppose 4*w + 12 + 44 = 0. Is r(w) prime?
True
Suppose 19*v - 96299 - 318642 = 0. Is v composite?
False
Is (-287845)/69*6*(-2)/10 a composite number?
True
Suppose -6228 = 13*q - 65807. Is q a composite number?
False
Let p = -98 + 140. Suppose -2*r + 4*l = -76, r + 2*l - p = -0. Is -2*(3 - 8*r) composite?
True
Suppose 2*o + 15 = 251. Let n = o - 53. Is n a prime number?
False
Let w be 9/(-21) + (-17)/(-7). Suppose z - 66 = s + 4*s, 52 = z + w*s. Let i = z + -31. Is i prime?
False
Suppose 4*i + 5*y - 132 - 853 = 0, -2*i - 4*y = -488. Let p be (3 + -1)*(-659)/(-2). Let z = p - i. Is z a composite number?
False
Suppose -5*w - 34657 = 6*q - 7*q, -5*q - w = -173337. Is q a prime number?
True
Let j(x) = x**2 - 8*x - 10. Let m be (-11 + 9)*(-2)/(-4). Let p(h) = -1. Let a(c) = m*j(c) + 2*p(c). Is a(7) prime?
False
Let l = 30 - 22. Let j(o) = 17*o**2 + 19*o - 6. Let y(t) = -8*t**2 - 10*t + 3. Let r(n) = 3*j(n) + 5*y(n). Is r(l) prime?
True
Suppose 25362 = 3*j + 3*s, -2*s = 6*j + s - 50733. Is j a prime number?
False
Let r(k) = 14*k**3 + 16*k**2 - 32*k + 41. Is r(16) composite?
True
Let r(t) = t**3 - t + 976. Let q be r(0). Suppose -a - a - 2*k = -644, 3*a - q = -k. Let m = a - 34. Is m a prime number?
True
Suppose -3*v - 4*g + 59505 = 0, -18472 = 4*v + g - 97799. Is v a prime number?
False
Suppose -4*m + 1269 = 321. Suppose 0 = -4*u - u - 3*d - 97, 5*u + 2*d = -98. Let w = m - u. Is w composite?
False
Let y = 80 - 75. Suppose -2*q + 1299 = y*u - 409, 0 = -5*q - u + 4293. Is q a prime number?
True
Suppose -36*a = -34*a - 5898. Suppose -4*x + 7*x = a. Is x a composite number?
False
Let y = 64353 - 32056. Is y composite?
False
Suppose -4*f - 30 - 46 = 2*d, -114 = 3*d - 5*f. Let n = d + 59. Is n prime?
False
Is (-663060)/(-80) + 15/(-12) prime?
True
Let p(g) = -g**3 + 7*g**2 - 9*g - 46. Is p(-11) prime?
False
Is (-2 - 6195*1)/(-1) a prime number?
True
Let a be (-42)/(-4)*20/6. Let c be a/(-14)*(-3 + 1). Suppose 4*t - c*w = 160, -4*t = -0*w - 4*w - 156. Is t a composite number?
True
Suppose 0*p - 15 = -p + 5*a, 4*p - 12 = -4*a. Let n = 27 - 23. Suppose c - 870 = -c + n*x, 0 = p*c - 4*x - 2181. Is c a prime number?
False
Suppose -3*z - k = -17, k - 3*k + 28 = 5*z. Suppose 0 = z*x - 164 - 166. Is x a composite number?
True
Let p(d) = 18*d**2 - 3*d - 172. Is p(37) composite?
False
Suppose -928 = 3*j - 7*j. Let v = -124 - -19. Let f = v + j. Is f prime?
True
Let n(c) be the third derivative of 17*c**6/120 - 2*c**5/15 - 7*c**4/12 + 3*c**3/2 + 33*c**2. Is n(6) a prime number?
False
Suppose n - 217 = 226. Is n a composite number?
False
Let s be (-8)/28 + 12899/(-7). Let j = -902 - s. Is j a prime number?
True
Let q = 36631 + -18924. Is q a composite number?
False
Suppose -3*p + x = -14 - 61, 5*x - 105 = -5*p. Suppose p = 3*b + b. Is b prime?
False
Is (-108 - 1)/(612/156 - 4) composite?
True
Let j = -28 + 24. Is (-939)/(-2) - j/(-8) prime?
False
Suppose -4*k - 3*f + 5869 = 0, -19*f - 15 = -24*f. Is k a prime number?
False
Let a be 111/(-12)*(-6 + -2). Let y = a - 43. Is y a composite number?
False
Is 91/((-3)/(-5 - -2)) a prime number?
False
Suppose -3*x = 4*v - 8*x - 11286, 0 = 4*v + 4*x - 11268. Is v prime?
True
Let b(o) = 5*o**3 - 7*o**2 + 3*o + 6. Let g(r) = 6*r - 1. Let a be (0 - 3/(-3))/1. Let n be g(a). Is b(n) composite?
True
Let d be ((-6)/(-15))/((-4)/(-340)). Let y = 43 + d. Is y composite?
True
Let w be (-2)/9 - (0 - (-38760)/54). Let v = -503 - w. Is v a composite number?
True
Is (-150246)/(-90) + (-6)/15 a composite number?
False
Let k(j) = -j**2 - 10*j + 26. Let d be k(-12). Suppose d*w = -0*w + 26. Is w composite?
False
Suppose l - 5*r - 8318 = 0, -4*l + r = -7*l + 25002. Is l composite?
True
Let w = -21 + 17. Is (-1 + (-14)/w)*(0 - -422) composite?
True
Suppose -5*l = 5 - 50. Let i = l + -11. Is (2 - -1) + 34 + i prime?
False
Suppose -2*q + 3*q - 186 = -x, 4*x + 2*q = 748. Let f = x + -119. Is f a prime number?
False
Suppose 0 = -4*r + g + 13433, -5*r + r + 3*g + 13427 = 0. Is r composite?
False
Let y(s) = 11*s**2 - s + 8. Let k be y(-7). Suppose -2*a + k = 52. Is a composite?
False
Let o = 44928 - 17239. Is o prime?
True
Suppose 0*q = -3*q. Let n = 3 + q. Suppose 5*b = -2*r + 2*b + 632, 0 = -r + n*b + 325. Is r a prime number?
False
Suppose -o + 7366 = 2*j, -o = -5*j + o + 18415. Is j prime?
False
Suppose -4*x = -2*t + 522, 3*t - x - 785 = 4*x. Suppose -4*c = -t - 91. Is c a composite number?
False
Let y(a) = 8*a**2 + a**3 + 9*a - 6*a - 9*a + 11. Is y(-8) a prime number?
True
Let w(t) = -80*t - 73. Is w(-12) prime?
True
Let r(w) = -3*w**2 - 8*w + 6. Let m(b) = -b**3 - 4*b**2 + 4*b + 5. Let c be m(-2). Let y be r(c). Let g = -130 - y. Is g a prime number?
True
Suppose -12 + 18 = -2*k. Is (k/2)/((-2)/68) composite?
True
Suppose -5*r + 149 = -4*r. Let d = 954 - r. Let l = -500 + d. Is l a prime number?
False
Suppose 5*x + 17 = -h + 43, 0 = 2*h - x - 8. Suppose -h*z + 296 + 238 = 0. Is z prime?
True
Suppose 293*z - 283*z - 13510 = 0. Is z a composite number?
True
Let z = -87 + 244. Is z a composite number?
False
Let u(l) = -l + 13. Let h be u(10). Is (69/6)/(h/66) a prime number?
False
Suppose -73 = -j + 37. Let k be 12/(-18) + j/(-6). Let f = 106 + k. Is f a prime number?
False
Suppose -14217 + 1533 = -4*n - 4*u, -2*u = -5*n + 15890. Suppose -4*q + n = 4*q. Is q composite?
False
Suppose -2*p + 6607 = 1941. Is p a composite number?
False
Let j be -4 + 1 - (-866 + -1). Suppose -464 - j = 4*l. Is (l + 1)*4/(-4) composite?
False
Let t(f) be the second derivative of -3*f**5/20 - f**4/2 - 5*f**3/3 - 13*f**2/2 + 4*f. Is t(-6) prime?
True
Let a(u) = -2*u + 889. Let r(z) = z**2 + 6*z + 8. Let l(j) = j**3 + 6*j**2 + 2*j + 8. Let s be l(-6). Let b be r(s). Is a(b) a composite number?
True
Suppose 2*t - 2 = 0, -2*w + 41 = t - 148. Let z = 361 - w. Is z a prime number?
False
Let q be (-3)/(48/52)*2*58. Suppose 4*b + 0*y + 961 = -5*y, 4*b + 982 = 2*y. Let a = b - q. Is a a prime number?
False
Let v be (2/(-4))/((-2)/248). Let r be 5764/12 - (-2 - (-8)/6). Let w = r - v. Is w prime?
True
Let v(i) = 141*i - 10. Suppose 5*u - 12 = -r + 4*u, r - 22 = -3*u. Is v(r) composite?
False
Let k(u) = 5*u**2 + 16*u + 8. Let d be k(12). Suppose 5*p + g = -d, p = -4*g + g - 170. Let r = 334 + p. Is r composite?
False
Let l(i) = 2*i**2 - 4*i + 2. Let n be l(2). Let q be (895/10)/(n/4). Suppose q = v - 12. Is v a prime number?
True
Let o be (2/4)/((-5)/(-20)). Let h(w) = 16*w**3 + 4 - 2*w**2 + 2*w**2 - 3*w + 5*w - 5*w**o. Is h(3) prime?
True
Suppose 0 = -4*x - 5*v - 0 + 6, -2*x + 3*v = -14. Suppose 0 = s - x*s + 3657. Is s a prime number?
False
Let k = 5780 + -1669. Is k a composite number?
False
Suppose 10*w + 2680 - 53190 = 0. Is w prime?
True
Let c = -1 - -6. Suppose -4*x + 95 = 4*d - 717, 1031 = c*x - 3*d. Is x a prime number?
False
Let b(z) = -4721*z - 142. Is b(-13) a composite number?
False
Suppose 37 = -2*u + 3*o, 4*u + 33 = 2*u - o. Is (u/(-2))/((-2)/(-148)) a prime number?
False
Let l be 2 - (-4 - (-12 + 1)). Let o(k) = 26